.
-13
What is the value of 4 - (-6 - -8) - 6 - 31?
-35
What is -36 + (-17 - -19) + 18 - 12?
-28
Evaluate 28 - 7 - 25 - (0 + 3 + 2).
-9
What is -20 - (33 + -46 + -10)?
3
What is the value of 24 - (34 - 20) - 6?
4
-2 - (-2 + 1) - (6 - -2 - 11)
2
Evaluate 8 + -7 + -2 + 6 + 2 + 4.
11
What is the value of (4 - 2 - 0) + (58 - 57) + -14?
-11
What is -5 + (0 - -10) + 5 - 5?
5
What is the value of -37 - (-8 - -26 - 75)?
20
What is the value of 1 + -34 - (4 - (4 + (3 - -3)))?
-27
-7 - 1 - (-19 + 3)
8
Evaluate -12 - (-13 - 9) - 10 - (0 + 0).
0
What is (6 - -20) + (-7 - 2) + -2 + 3?
18
What is -35 - ((-58 - -69 - (0 - -6)) + -13)?
-27
Evaluate -3 + (1 - -6 - (7 - (11 + -6))).
2
Calculate -16 + (38 - 15 - 17) - (0 - -8).
-18
What is the value of (10 - (-1 - -5)) + (-2 - -4) + 7?
15
Calculate 22 + -7 + -9 - (-5 - (0 - 0)).
11
What is the value of -7 + -8 + 44 - 45?
-16
Calculate 0 + (-4 - -4) + 2 + (11 - -2).
15
What is 14 + 1 - 3 - 7?
5
3 - 0 - (-41 + (-15 - -27))
32
Evaluate -5 + 9 + (1 - 30) + 7.
-18
What is (2 - (6 + -9 + 5)) + -5 - 3?
-8
Evaluate 8 + 12 + -6 + -12.
2
What is 335 - 335 - (-2 + -16 + 3 + -2)?
17
Evaluate 14 + ((9 - 7) + -15 - -10).
11
What is (-11 - (-9 + -11 + 8)) + -2?
-1
What is the value of 6 + (-4 - -10) - (-23 + 47)?
-12
Calculate (2 - -3) + -19 + 40 + -2.
24
Evaluate 15 - (37 - 42 - -30).
-10
What is -8 + 0 + 12 + 1 + -1 - 13?
-9
-1 - (-56 + 39 - (10 + -1))
25
Evaluate -1 + (-7 - -5) + -4 - -15 - 15.
-7
Evaluate (9 - (3 - (-2 - 0))) + 6.
10
(-4 + 2 + 13 - 11) + -4
-4
Evaluate (21 - 4) + (-16 - -1).
2
Evaluate (5 - (0 + 14)) + 18.
9
Calculate 26 + (3 - (3 - ((3 - 7) + -1))).
21
6 + 0 + (6 - 28) + 2 + -5
-19
Evaluate 13 - (3 - 19 - -24).
5
(-21 - 1) + (25 - (11 + 6))
-14
What is (11 - (8 - -5)) + (-14 - -1)?
-15
Evaluate -4 - (0 - (32 + -19)).
9
What is (-84 - -31 - -15) + 24?
-14
What is -1 + (-4 - -2) + 4 + (118 - 134)?
-15
Calculate 1 - 0 - (2 + 11 + -11 + 2).
-3
What is 12 + 4 + -7 - 21?
-12
Calculate 4 + 7 + (-2 + 7 + -9 - 2).
5
Calculate 309 + -309 + (-2 - (-4 + -17)).
19
What is (-11 + 37 - -7) + -32?
1
What is the value of -67 - -64 - (3 + (0 - (-2 + 8)))?
0
What is the value of 1 + -13 + (-15 - 0) + 25?
-2
What is the value of -3064 - -3042 - (-4 - -2 - -2)?
-22
What is 27 - 0 - (-81 + 84) - 10?
14
What is the value of 64 + (-97 - -18) - (-11 + 1)?
-5
What is (2 - (33 + -67)) + -31?
5
What is the value of -1 - (-11 + 36 - 32)?
6
What is the value of -5 - -2 - (2 - -9)?
-14
-1 + (6 - -1) + (-19 - -16)
3
Calculate -9 + (4 - -2) - 20 - -7.
-16
Calculate (9 - 0) + -20 + -3 + -1 + 0.
-15
What is the value of (43 + -58 - (10 + -2)) + 10?
-13
Evaluate (21 - (-21 - -41)) + (-27 - -5).
-21
284 + -272 - (1 + 4 + -5)
12
Evaluate -9 - -11 - (-2 + 0 + -9 + 3).
10
What is 3 + 0 + -14 + 6 + 0?
-5
(19 - -1) + 2 + (-41 - -30) + -25
-14
Evaluate -25 + (13 - -30) + (10 - 1).
27
What is -5 + 23 + (-27 - 24)?
-33
Calculate (-5 - (-3 + -4)) + -27 + (-12 - -30).
-7
Calculate 21 + (-24 - (6 + 0 - 18)).
9
What is (2 - -1) + 27 + -5 + 15 + -22?
18
Calculate 23 + -19 + 9 + 1 + -2.
12
Calculate (68 - -5) + -63 + 21.
31
Calculate -15 + 15 + -10 - -6.
-4
Evaluate ((2 - 5) + 9 - (11 + 27)) + 5.
-27
40 - (18 - 3) - 12
13
What is the value of -11 - (-5 - (0 - 0) - 1) - -7?
2
What is the value of -1075 - -1036 - (-69 - -1)?
29
3 - 6 - (-11 - (-23 + 10))
-5
What is the value of 4 - 2 - (-1 - (8 - (-5 - -12)))?
4
What is -23 - (-29 - -7) - ((2 - 2) + -4)?
3
What is 71 - 59 - (3 - (0 - 0) - -1)?
8
Evaluate 6 + -4 + (-1 - -5 - -4).
10
Calculate 6 + -3 + -5 + 12.
10
What is the value of 6 - 9 - (135 + -131)?
-7
Evaluate (3 - 5) + -2 - 1 - (144 - 161).
12
-33 + 30 + (1 - (-6 - 24))
28
Evaluate -34 + -17 + 39 + -15 + (2 - 1).
-26
30 - (-29 + 26 + 5)
28
2 + (-6 - 1 - (6 + -5 + -5))
-1
What is -6 - ((-8 - (-2 - -7)) + -8)?
15
31 + -33 + 5 + -6 + -1
-4
Evaluate (0 - (-3 + -9)) + -19.
-7
Calculate 38 + -52 + (0 - (0 - (-5 - -5))).
-14
Calculate 10 + 7 + -20 + 9.
6
-6 - (2 + (0 - (-5 - -12))) - 7
-8
Calculate -24 - -10 - (4 - 3).
-15
(18 - (20 - -5)) + (3 - 0)
-4
What is (36 + -81 - -10) + 63?
28
-5 - (1 + -15 - -20)
-11
Calculate (0 - 2) + (15 - 27) + (3 - -13).
2
Evaluate 16 - (3 - -25 - 6).
-6
31 - (0 - (1 - (4 - -2) - 2))
24
What is (-155 - -141) + (-5 - -2)?
-17
What is the value of 15 - ((-3 - 10) + 10) - 4?
14
Evaluate (-1 - -19) + (99 - 106).
11
What is the value of 18 - (19 + (-63 - -38))?
24
What is -67 + 73 + -9 + -1 - -6?
2
Calculate -16 + (14 - 16) + 22.
4
What is -4 - (8 + 6 + -7 + -11)?
0
What is the value of 4 - 4 - (38 + -22)?
-16
What is 15 + (8 - 21 - 27)?
-25
What is (2 - 1) + 8 + (-32 - -22)?
-1
Evaluate (-2 - 0) + 14 + -1 + (0 - -6).
17
Calculate -5 + 10 - (-23 - -12) - (1 - -1).
14
Evaluate -5 + 3 - (15 + -9 + -1).
-7
Evaluate 6 + 7 + 0 + -14 - (3 - 17).
13
Evaluate (-2 + 3 - (-6 + 7) - 10) + -17.
-27
Evaluate 3 + 13 + (-15 - -10).
11
What is 66 + -10 - (21 + 7)?
28
Calculate (20 - (28 - 25)) + -3.
14
What is the value of 17 + 12 - 30 - (2 + 24)?
-27
What is (0 - 7 - (-33 - -24 - -9)) + 28?
21
-8 + (-10 - (-8 + 4 - -2 - -5))
-21
What is -10 + (95 - 56) + -8 + (3 - 1)?
23
Calculate -9 - -24 - (-3 + -2).
20
Evaluate -72 + 176 - 76 - (1 + 16).
11
What is the value of -24 + (-30 + 13 - -23 - 20)?
-38
Evaluate 11 + (5 - 19) - -13 - 15.
-5
Calculate -234 + 238 - (17 + -1).
-12
Evaluate -13 + 24 - (10 - -12) - 16.
-27
Evaluate -8 + -6 + 38 + -18.
6
Calculate 3 + -5 + 3 + -16 + 8.
-7
Evaluate 26 + (-3 - (-9 + -7 + 12)) + 6.
33
What is -2 + 37 + (-38 - (12 - 41))?
26
What is 8 - 10 - (6 - 6 - 0 - -11)?
-13
Evaluate (-5 - -11 - 9) + -11 + 2 + -1.
-13
What is the value of -25 + 9 - (-28 - 0)?
12
Calculate 11 + (9 - 28) + (10 - 4).
-2
What is the value of 3 - (-5 - -25) - -6?
-11
Calculate (59 + -40 - (0 - -7)) + -51.
-39
What is the value of -6 - (11 + 2 + -3 + -17)?
1
Evaluate -22 + (3 - -14) + 15 + -2.
8
What is 2 + -10 - (-15 - (13 - 26))?
-6
7 + (-5 - (2 - 0 - 10) - -18)
28
What is the value of 383 - 361 - (-2 + (-5 - -3))?
26
Evaluate 18 - 41 - -1 - -28.
6
Calculate 36 - ((6 - 25) + 13 - (1 + -8)).
35
Calculate -8 + -1 + 10 - ((12 - 7) + -26).
22
Calculate (-4 - (3 - (7 + -6))) + 3 + 16.
13
Evaluate 11 + (-2 - -2) - (-7 - -1 - -7).
10
(-25 + 20 - 11) + 2 + 1
-13
What is the value of (-20 - 6) + (74 - 59)?
-11
Evaluate -4 + (-1 - 9) + (-5 - -10) + -5.
-14
Calculate (-38 - -11) + 5 - (-4 + -2 - -10).
-26
What is the value of -6 + -3 + 6 + (3 - 10)?
-10
What is the value of 1 + 7 + 43 + -46 + (1 - -2)?
8
Evaluate 7 - ((-5 - (6 + -17)) + -7 - 2).
10
What is the value of 14 - 88 - (-48 + 4)?
-30
Evaluate (-1 + -1 - 1) + (-17 - -23 - 10).
-7
Calculate (-55 - -53) + -2 + 2.
-2
(30 - 10) + (3 - 20)
3
Evaluate -7 + -7 + (10 - (8 + (1 - 3))).
-10
(-4 - 0) + (-18 - -18) + (8 - -2)
6
What is the value of (2 + 89 - 109) + 1 + -14?
-31
1 + 4 - -21 - (23 - 4)
7
(20 + -21 - (-2 - -13)) + 9
-3
What is the value of 4 - (-4 + 10) - (-5 + 4)?
-1
What is (11 - (20 + 0 + 0)) + (39 - 2)?
28
What is (17 - (-25 - -7)) + -26?
9
(-5 - -4 - -7) + (14 - (50 - 11))
-19
What is 3 - (15 + 2 + -6) - (-6 - 5)?
3
What is 3 + -2 + (1 - 23) + -384 + 374?
-31
What is 11 - (9 - 1 - -9) - 9?
-15
Calculate ((-4 - -1) + 1 - (170 - 176)) + -13.
-9
-3 + (-6 - (-6 - -14 - 8) - 0)
-9
-7 - (0 - (8 + -7))
-6
Calculate 44 + (2 - (40 + -11)).
17
Evaluate 8 - (-4 - -14) - (-1 - 2) - 7.
-6
What is the value of -11 + 10 - -2 - -15?
16
Calculate 21 - (-34 + 4 + 24).
27
What is the value of 3 - (0 + -7 - (6 + (7 - 12)))?
11
What is the value of 8 + 0 + (-2 - -2) - (-94 - -95)?
7
Evaluate -4 - ((1 - (-4 - -21)) + -21 + 22).
11
Calculate -2 + -1 + 7 + (-2 - 1 - -27).
28
What is the value of (-2 - (11 + -3 - -5)) + 22?
7
Calculate -7 + (-2 - 6 - (-48 - -55)).
-22
Evaluate 93 + -86 + -15 + 0.
-8
Calculate 25 + -13 + (8 - 8).
12
What is the value of -4 + -5 + 1 + (13 - 18)?
-13
What is (8 + 0 - 6) + (3 - -5) + 7?
17
What is the value of (21 - (18 - 0)) + -7?
-4
What is the value of (10 - 0) + (885 - 872)?
23
Calculate (-13 - (6 - 9)) + -1 + 1.
-10
-20 + 12 + 19 + -15
-4
What is -3 + (-1 - 0) + (25 - 25) + 15?
11
Calculate 0 - (31 - (-10 - -9)) - -15.
-17
What is -33 + (8 - (7 + 10 - (-1 + 12)))?
-31
Calculate -22 + -29 + -27 + 91.
13
(-2 - (-19 - -3)) + 14 + -22
6
What is -26 + -7 - -26 - 12?
-19
Calculate